*f + 10 = -f. Let l be (3 + f)/((-1)/(-5)). What is the greatest common factor of l and 35?
5
Suppose a = -2*a. Suppose -l = -a*l - 17. Calculate the highest common factor of l and 85.
17
Suppose -3*w + 3*i = -24, 2*w - 4*i = 3*w - 3. Calculate the greatest common divisor of w and 7.
7
Let x(g) = -g + 8. Let v be x(7). What is the greatest common divisor of 1 and v?
1
Suppose -3*c = 3*y - 402, 3*c - 2*y - 2*y - 388 = 0. Calculate the highest common divisor of 33 and c.
33
Suppose -5*c - 7 + 62 = 0. Suppose 4*v = -2*l + 484, 4*v - 3*v = -l + 121. What is the highest common factor of v and c?
11
Suppose 9 = 6*s - 9. Calculate the greatest common divisor of 48 and s.
3
Let x(a) = a**3 + a**2 + 16. Let v be x(0). Calculate the greatest common factor of v and 8.
8
Let v be 12/2 + -5*8/(-20). What is the highest common factor of 64 and v?
8
Let u = 88 - 74. What is the greatest common divisor of u and 112?
14
Suppose 28 = 2*q - 4*n, -4*q = -9*q + 4*n + 76. Suppose -a + q + 6 = 0. Calculate the greatest common divisor of 2 and a.
2
Let j(y) = -13*y + 7. Let t be j(-7). Let x be 0 + -2*(-4 - 3). Calculate the highest common factor of t and x.
14
Suppose -10 - 2 = -a. Calculate the highest common factor of a and 84.
12
Let f(b) = b - 3. Suppose 0*x = -2*x. Let c be f(x). Let k be 42/4*(-4)/c. What is the greatest common divisor of 70 and k?
14
Let w(p) = -p. Let q be w(1). Let a = 5 - q. Let z be 3*(-1)/4*-88. What is the highest common factor of z and a?
6
Let y = 26 - 2. Suppose -476 = -14*b + 532. What is the greatest common divisor of y and b?
24
Let a = 58 + 72. Suppose -b + q + 26 = -2, -5*q + a = 4*b. Let n = -12 + 24. What is the greatest common divisor of n and b?
6
Suppose -40 = -5*t - 0. Suppose 9 - 3 = 3*y. What is the greatest common divisor of t and y?
2
Let q(s) = -12*s**3 - 1. Let k be q(-1). Let n = 3 - k. Let c be (n/3)/(3/(-9)). What is the highest common divisor of c and 12?
4
Let a be 64/(-10) + 14/35. Let k be 42/(a/(-2))*1. What is the greatest common divisor of 56 and k?
14
Let o(k) = -67*k - 14. Let c be o(-2). Calculate the greatest common factor of 6 and c.
6
Let i be 17/2 + (-1)/2. Suppose 4*o = 3*y - 7, 2*o = 4*o - 2*y + 4. Let w be 0 - (-3 - o)*i. What is the highest common factor of w and 24?
8
Let r be (-4)/18 - (-228)/54. Suppose r*w + g = -1 + 6, 5*w = g + 13. Calculate the greatest common factor of 22 and w.
2
Let o be (-7)/14*2*6/(-2). What is the highest common factor of 1 and o?
1
Let t(m) = m**2 + 5*m - 10. Let p be t(-11). What is the greatest common divisor of 7 and p?
7
Let s(z) = -5*z. Let b(w) = -4*w. Let f(j) = 6*b(j) - 5*s(j). Let u be f(5). What is the greatest common divisor of u and 25?
5
Let d(a) = -a**2 + 2*a - 2. Let t be d(3). Let f = 26 + t. What is the highest common divisor of f and 3?
3
Let u(z) = 2*z + 44. Let i be u(18). Calculate the greatest common factor of 32 and i.
16
Suppose 7*b + 15 - 204 = 0. What is the greatest common divisor of 81 and b?
27
Let f be (7/14)/((-1)/(-24)). Let u = -1 + f. Suppose -5*k = -k - 308. What is the highest common factor of k and u?
11
Suppose 4*k - 14 = 114. Calculate the greatest common factor of k and 8.
8
Suppose -3*d + 3 = -4*y, d = 4*d - 3*y - 6. Let x(m) = -m**3 + 4*m**2 + 6*m - 4. Let s be x(d). What is the greatest common divisor of 2 and s?
1
Suppose 0 = -21*t + 23*t - 60. Suppose 5*y - 40 = y. Calculate the highest common factor of t and y.
10
Suppose 4*s = -8 - 0. Let g be 4/s + 18 - 0. Calculate the greatest common factor of g and 16.
16
Let x be (-2 + 2 + -2)*-32. What is the greatest common divisor of 8 and x?
8
Suppose -11*m = -8*m - 75. What is the greatest common divisor of m and 100?
25
Suppose -2*v + 5 = 4*b - 57, -3*b - 194 = -5*v. What is the highest common divisor of 37 and v?
37
Suppose -2*f = -4*f + 30. Let p = 47 - f. What is the highest common divisor of p and 80?
16
Suppose 5*k - 7 = r + 10, -k + 1 = r. Let w(s) = -s**2 - 6*s + 1. Let v be w(-7). Let o = v + 15. Calculate the highest common factor of k and o.
3
Let b(y) = 2*y + 7. Let m be b(0). Calculate the highest common divisor of 56 and m.
7
Let y be (3 - 18/8)*8. Suppose y = -s - 12. Let i = s + 32. Calculate the highest common factor of 154 and i.
14
Let i be (-2)/1*(-14)/4. Calculate the greatest common divisor of 7 and i.
7
Let c be 3580/150 + 2/15. What is the greatest common factor of 84 and c?
12
Let g = 2 - -1. Suppose -g*u + 103 = 5*b, -u - 15 = -b + 4*u. What is the highest common factor of b and 8?
4
Let n = 48 - -33. What is the highest common divisor of n and 9?
9
Suppose 3*v - 130 = -2*y, 0 = 2*y - 3*v - 69 - 73. Let m = -3 + y. Calculate the highest common divisor of m and 13.
13
Let r(a) = -5*a + 4 + 4 + 4*a. Let t be r(6). Suppose 0 = t*i + 2*k - 6*k - 14, 2*i + k = 19. What is the highest common factor of 6 and i?
3
Let m(a) = -a - 10. Let b be m(-10). Let f be (1 + 0)*(b - -3). Suppose 42 = 2*u - f*w - 123, 4*w + 395 = 5*u. Calculate the highest common factor of 25 and u.
25
Let u be (1 + 74/(-10))*-10. Let y be 28/(-98) + 58/7. Calculate the greatest common factor of y and u.
8
Let r(q) = 8*q - 6. Let g = 18 + -15. Let u be r(g). What is the greatest common factor of 2 and u?
2
Let l(o) = o**3 - 4*o**2 - o - 2. Let z be (-1)/2*-2*5. Let h be l(z). Suppose -31 = -5*r + 14. What is the greatest common divisor of h and r?
9
Let w(q) = q**2 + 3*q + 2. Let o be w(6). Let z be (1*21/(-3))/(-1). Calculate the highest common divisor of o and z.
7
Let h(y) = 0*y + y + 2*y**2 + 5*y + y. Let g be h(-6). What is the highest common factor of 75 and g?
15
Let u be (-1 - (-15)/(-2))*2. Let s = -9 - u. Let j(h) = -3*h + 29. Let t be j(9). Calculate the greatest common divisor of t and s.
2
Suppose -q + 10 - 6 = 0. What is the greatest common divisor of 14 and q?
2
Suppose -3*c = -0*c - 6. Let s be c*6*(-3)/(-2). What is the highest common divisor of s and 9?
9
Suppose 17 = 4*h - u, -3*h + 5*u = h - 21. Suppose -h*r - 8 = -4*g, g + 2*r - r = -8. Let k be g*2/4*-2. What is the highest common factor of 9 and k?
3
Suppose 3*y - 7*y - 5*v = 13, -3*y = -3*v - 24. Let o(w) = -6*w - w**2 - y - 3*w + w. Let p be o(-5). What is the greatest common divisor of p and 12?
12
Suppose 0*m + 3*m + 1 = -2*z, 3*m = -4*z + 1. Let h(f) = 5*f**2. Let g be h(m). Suppose -t + g*t = 180. Calculate the highest common divisor of t and 18.
9
Suppose -8*u - 30 = -3*u - 4*z, 2*u + 19 = 3*z. Let h = u - -3. What is the highest common divisor of h and 8?
1
Suppose -9*v + 4*v = -40. What is the highest common divisor of v and 2?
2
Suppose -7*u + 2*u = -45. Let y be -1 + 3 - 1*-217. Suppose 2*i + i = -d + 213, 0 = 3*i - d - y. Calculate the highest common divisor of i and u.
9
Let m be 3 + 2 + 32 + -2. Let a be 158/14 - 10/m. Let x = 109 + -21. What is the greatest common factor of a and x?
11
Suppose -3*x - 5*l + 3*l = -9, 3*x - 9 = -3*l. Let a = 16 + -13. What is the highest common divisor of a and x?
3
Suppose 3*l + 7*j = 2*j + 210, -j - 140 = -2*l. What is the greatest common factor of l and 28?
14
Let s = 11 - 7. Suppose -2*k + 74 = 2*h, -s*h - k + 67 = -90. Let b be 10*(-4 + 4/(16/20)). Calculate the highest common factor of b and h.
10
Let c(p) = p**2 - 10*p + 6. Let j be c(4). Let a = j + 26. Suppose -4*o + 9*o - 4*l = 308, 0 = -4*o + 2*l + 250. What is the highest common factor of a and o?
8
Let n = 8 + -13. Let i be 12 + n/(10/(-4)). Calculate the highest common divisor of i and 42.
14
Let f = -336 + 205. Let a = f + 203. Let p(z) = -2*z - 3. Let k be p(-6). What is the highest common factor of k and a?
9
Let d(f) = f**3 + 8*f**2 + 6*f - 6. Let t be d(-6). Calculate the highest common factor of t and 15.
15
Let t = 85 - 29. Let l = -13 + 20. What is the highest common factor of l and t?
7
Suppose -11 = -3*g + 3*w - 5, 4*w = -g - 8. Suppose -2*z + 0*d + 3*d + 13 = g, 4*z + 4*d + 4 = 0. Let j = 3 + 5. What is the highest common factor of z and j?
2
Let w be (-135)/(-6*1/4). Let d be w/21 + 2/(-7). Calculate the greatest common factor of 2 and d.
2
Let z(k) = -3*k**3 - 1. Let f be z(-1). Let m(t) = -3*t - f + 15*t**2 - 7*t**2 + 2*t. Let a be m(2). What is the greatest common factor of 4 and a?
4
Let a be 54/4*(-4)/(-3). Suppose d = 60 - a. What is the highest common factor of d and 21?
21
Suppose